408*v - 36285. Determine b(-131).
2
Let o(x) = x**3 - 187*x**2 - 105166*x + 873. What is o(431)?
11
Let t(r) = -477936*r + 1433792. What is t(3)?
-16
Let t(n) = -632*n + 94907. Give t(155).
-3053
Let g(a) = 14060*a + 224913. What is g(-16)?
-47
Let x(i) = -i**2 + 12625*i - 340390. Give x(27).
-244
Let z(j) = 16*j**3 - 2*j**2 - 18*j - 8. Give z(-3).
-404
Let i(v) = 4*v**3 - 2*v**2 - 20*v - 75. Give i(-4).
-283
Let d(j) = -6*j**2 + 990*j - 1959. Give d(163).
-3
Let p(l) = -11*l**3 + 222*l**2 - 54*l + 29. Give p(20).
-251
Let v(p) = -122*p - 10862. Determine v(-86).
-370
Let u(f) = f**2 + 261*f + 2635. Calculate u(-20).
-2185
Let d(s) = 2*s**3 - 21*s**2 + 2142*s - 14556. Calculate d(7).
95
Let w(l) = 2*l**3 - 57*l**2 + 121*l - 2793. What is w(28)?
-189
Let k(c) = 23*c**3 - 105*c**2 - 492*c - 9. Give k(-5).
-3049
Let h(r) = -25*r**2 - 2433*r + 4869. Determine h(2).
-97
Let p(c) = c**2 + 35*c - 4853. What is p(55)?
97
Let v(u) = 1946*u - 19651. Give v(10).
-191
Let y(p) = p**3 + 5*p**2 - 1885*p + 45. Determine y(41).
86
Let h(r) = 2*r**3 - 577*r**2 - 252*r - 10639. Calculate h(289).
54
Let f(d) = 7*d**3 - 20*d**2 - 287*d - 14. What is f(8)?
-6
Let a(x) = -34575*x - 34569. Determine a(-1).
6
Let y(q) = -106682*q + 106663. Determine y(1).
-19
Let s(i) = -23068*i - 23056. Calculate s(-1).
12
Let x(k) = 10*k**2 + 282*k + 670. Determine x(-20).
-970
Let z(d) = -67906*d + 14124452. Give z(208).
4
Let u(d) = 6*d**2 - 16400*d - 98605. What is u(-6)?
11
Let j(d) = -85*d + 7510. Determine j(61).
2325
Let k(m) = -m**3 - 413*m**2 - 3995*m + 14104. Give k(-403).
-1
Let y(c) = -20*c**2 + 56*c + 408. Calculate y(-3).
60
Let j(f) = -2*f**2 - 650*f - 1957. Give j(-3).
-25
Let v(y) = -197*y + 14720. Give v(54).
4082
Let q(r) = 1798*r**2 + 7189*r + 21. Determine q(-4).
33
Let z(b) = -52*b**3 + 672*b**2 + 16*b + 32. Determine z(13).
-436
Let w(c) = 5*c**2 - 1299*c + 58253. What is w(202)?
-125
Let v(h) = -13*h**2 + 12924*h + 38870. What is v(-3)?
-19
Let m(u) = -414*u - 68314. Determine m(-165).
-4
Let n(f) = -4*f**2 - 18*f + 198. Calculate n(-12).
-162
Let j(k) = k**2 + 144*k - 1163. What is j(7)?
-106
Let j(x) = 3*x**3 - 42*x**2 + 32*x + 75. Calculate j(13).
-16
Let l(v) = 183*v + 1850. Give l(-14).
-712
Let j(u) = -46*u**2 - 1918*u + 571. Give j(-42).
-17
Let g(n) = 8286*n + 50362. What is g(-6)?
646
Let n(p) = -8*p**3 - 215*p**2 - 706. What is n(-27)?
23
Let c(b) = -b**3 + 268*b**2 - 3590*b + 7537. What is c(254)?
-1099
Let l(p) = 3*p**2 - 18415*p + 55235. What is l(3)?
17
Let h(u) = 52415*u - 3302138. Determine h(63).
7
Let t(p) = -p**3 - 20*p**2 + 86*p - 85. Calculate t(-24).
155
Let l(o) = -1948*o - 124665. Calculate l(-64).
7
Let t(a) = a**3 - 32*a**2 - 17*a - 102. What is t(31)?
-1590
Let v(k) = k**2 + 10168*k + 81354. Calculate v(-8).
74
Let w(v) = 266*v - 6613. Calculate w(46).
5623
Let c(p) = 86*p**2 + 2548*p + 9953. Calculate c(-25).
3
Let o(u) = u**3 - 13*u**2 - 90*u + 32. Determine o(18).
32
Let l(y) = 2*y**2 + 3584*y - 68662. Calculate l(19).
156
Let p(w) = 661*w - 58299. Give p(88).
-131
Let s(z) = -4*z**2 - 1788*z - 125222. Determine s(-360).
58
Let h(x) = 775*x - 9204. Calculate h(12).
96
Let z(t) = -23*t**2 - 2884*t + 5757. What is z(2)?
-103
Let z(m) = -m**2 + 34657*m - 519641. What is z(15)?
-11
Let q(f) = 10*f + 267. Calculate q(-31).
-43
Let o(b) = b**3 - 37*b**2 - 32*b - 1905. What is o(39)?
-111
Let h(o) = o**3 - 230*o**2 - 2413*o + 3112. Give h(240).
-8
Let q(c) = 360*c**2 - 1092*c - 4. Calculate q(3).
-40
Let n(k) = -105*k - 20317. Give n(-195).
158
Let x(d) = 6*d**3 - 28*d**2 + 63*d + 42. Determine x(5).
407
Let u(s) = 4*s**3 - 74*s**2 + 40*s - 220. What is u(18)?
-148
Let s(j) = 4*j**2 + 1379*j - 1261175. Determine s(415).
10
Let n(z) = -3*z**2 - 7821*z - 23482. Calculate n(-3).
-46
Let g(z) = -21826*z + 34. Calculate g(0).
34
Let s(q) = -q**2 - 38*q - 390. Calculate s(-22).
-38
Let p(g) = 13276*g - 26614. Give p(2).
-62
Let r(d) = -3*d**3 + 267*d**2 - 520*d - 150. Determine r(87).
24
Let p(j) = -87551*j + 875511. What is p(10)?
1
Let w(q) = -470*q - 202. Determine w(-1).
268
Let d(s) = 2340*s - 84205. Calculate d(36).
35
Let d(k) = -15*k**2 + 7507*k - 133519. Determine d(482).
-5
Let k(z) = 334331*z - 14710569. Give k(44).
-5
Let i(j) = j**2 + 165*j - 2905. Determine i(-181).
-9
Let p(u) = -157*u + 10975. Calculate p(67).
456
Let k(j) = -7*j**2 - 1399*j + 5493. Determine k(4).
-215
Let x(v) = -v**3 + 37*v**2 + 778*v - 29678. Calculate x(35).
2
Let g(c) = -461*c - 22437. Give g(-48).
-309
Let m(c) = -c**3 + 24*c**2 - 7*c - 834. Give m(21).
342
Let k(x) = -11*x**3 + 13*x**2 + 382*x - 1492. What is k(4)?
-460
Let u(x) = 203*x - 54645. What is u(274)?
977
Let t(j) = 2569*j + 1955039. Give t(-761).
30
Let k(m) = -17*m**2 + 22*m - 7. Calculate k(3).
-94
Let x(w) = 5921*w - 29590. Give x(5).
15
Let o(j) = -j**3 + 1235*j**2 + 101024*j + 23. Give o(-77).
23
Let a(v) = v**3 - 17*v**2 - 63*v - 29. What is a(20)?
-89
Let c(z) = 5*z**3 - 385*z**2 - 798*z + 549. Calculate c(79).
-83
Let y(r) = r**3 - 18*r**2 + 135*r - 2626. Determine y(22).
2280
Let o(a) = 4*a**3 + 80*a**2 - 1362*a - 25. What is o(11)?
-3
Let r(p) = -p**3 - 471*p**2 - 460*p + 4636. What is r(-470)?
-64
Let c(m) = m**3 - 124*m**2 - 2386*m + 214. Calculate c(-17).
27
Let z(s) = 3733*s + 138106. Calculate z(-37).
-15
Let s(j) = -113*j**3 + 10*j**2 - 3*j + 2. Determine s(-2).
952
Let g(s) = -230*s - 3900. What is g(-20)?
700
Let q(o) = 16412*o + 804163. Determine q(-49).
-25
Let k(c) = 8*c**3 + 1338*c**2 + 334*c - 297. What is k(-167)?
-297
Let p(m) = -6199*m - 204559. Give p(-33).
8
Let m(g) = -10889*g - 97995. Calculate m(-9).
6
Let a(w) = 20*w**2 + 78*w + 255. Give a(-3).
201
Let u(v) = -160*v**2 + 244*v - 698. Calculate u(3).
-1406
Let k(b) = 2*b**3 + 8*b**2 - 37*b - 87. What is k(-12)?
-1947
Let y(l) = 10*l + 370. Calculate y(43).
800
Let y(i) = -i**3 - 51*i**2 - 956*i - 9220. What is y(-29)?
2
Let z(f) = -24*f**2 + 501*f - 69. Give z(21).
-132
Let s(r) = r**2 - 6117*r + 530547. Give s(88).
-5
Let n(x) = -248*x - 5515. What is n(-12)?
-2539
Let w(a) = a**3 + 22*a**2 + 7*a - 307. Determine w(-23).
-997
Let s(h) = h**3 - 127*h**2 - 432*h + 22149. Calculate s(129).
-297
Let w(p) = 7611*p + 90973. Determine w(-12).
-359
Let a(l) = -13*l**3 - 205*l**2 + 80*l + 134. Give a(-16).
-378
Let j(c) = 7*c**2 - 820*c + 23204. Give j(48).
-28
Let i(c) = -c**3 - 4*c**2 + 592*c + 6408. Determine i(-15).
3
Let d(r) = -38298*r + 421268. Give d(11).
-10
Let v(y) = -13*y**2 - 4852*y - 87496. Determine v(-19).
-1
Let a(v) = -204*v - 1957. Calculate a(-15).
1103
Let p(g) = -9*g**2 + 3661*g + 25587. What is p(-7)?
-481
Let g(c) = 2*c**2 + 282*c + 1821. Calculate g(-7).
-55
Let t(u) = -u**3 + 5*u**2 - 50*u + 106. What is t(2)?
18
Let n(w) = -11298*w + 248550. Give n(22).
-6
Let r(h) = -h**2 + 5431*h - 5028445. Give r(1184).
3
Let g(m) = 303*m + 17730. What is g(-56)?
762
Let d(f) = 10160*f + 264191. Calculate d(-26).
31
Let y(b) = 1964*b + 744362. Give y(-379).
6
Let m(b) = -366*b**2 - 16463*b - 88. Determine m(-45).
-403
Let n(h) = 5*h**2 - 11*h + 20. Give n(-6).
266
Let d(j) = -61*j**2 + 1178*j + 6702. Calculate d(24).
-162
Let j(x) = 840*x + 2575. Calculate j(-3).
55
Let w(f) = -52746*f + 4958129. Give w(94).
5
Let s(z) = 3*z**3 - 122*z**2 + 540*z - 532. Determine s(36).
764
Let j(z) = 2*z**3 - 20*z**2 + 121*z - 1595. What is j(11)?
-22
Let y(p) = -16*p**2 + 547*p - 4280. Calculate y(22).
10
Let g(z) = 234*z**2 - 4217*z + 69. Determine g(18).
-21
Let w(o) = 1003*o - 18806. Give w(19).
251
Let z(y) = -67*y**3 - 14*y**2 + 152*y - 254. Give z(2).
-542
Let t(k) = k**3 + 9*k**2 - 6374*k - 76094. Determine t(-12).
-38
Let w(f) = -132*f - 4351. What is w(-33)?
5
Let d(c) = -3*c**2 - 192*c - 354. Determine d(-62).
18
Let r(x) = 23864*x + 118472. What is r(-5)?
-848
Let b(n) = 485*n - 110646. Give b(229).
419
Let f(u) = -19607*u - 235244. Calculate f(-12).
40
Let p(f) = f**2 - 111540*f + 3345297. What is p(30)?
-3
Let x(z) = -113*z**3 + 2939*z**2 - 89*z + 1560. Give x(26).
-78
Let o(a) = 15924*a - 1289836. What is o(81)?
8
Let i(x) = 6*x**2 - 1701*x - 76553. What is i(323)?
-2
Let z(k) = k**3 - 50*k**2 + 139*k - 120. Determine z(47).
-214
Let j(h) = 45370*h + 317592. What is j(-7)?
2
Let j(c) = 84*c**2 + 411*